35?
19
What is the remainder when 11682 is divided by 1179?
1071
What is the remainder when 7055 is divided by 33?
26
Calculate the remainder when 12220 is divided by 5.
0
Calculate the remainder when 2165 is divided by 296.
93
What is the remainder when 423756 is divided by 52969?
4
Calculate the remainder when 428351 is divided by 44.
11
What is the remainder when 1023801 is divided by 95?
81
Calculate the remainder when 2320415 is divided by 12.
11
Calculate the remainder when 59914 is divided by 8554.
36
What is the remainder when 91650 is divided by 694?
42
What is the remainder when 25300 is divided by 2286?
154
What is the remainder when 1608613 is divided by 76?
73
Calculate the remainder when 7772 is divided by 311.
308
Calculate the remainder when 11453 is divided by 5711.
31
What is the remainder when 19243 is divided by 24?
19
What is the remainder when 10785 is divided by 174?
171
What is the remainder when 4327 is divided by 54?
7
What is the remainder when 128874 is divided by 42898?
180
What is the remainder when 269 is divided by 21?
17
What is the remainder when 1138 is divided by 234?
202
Calculate the remainder when 6739 is divided by 1122.
7
What is the remainder when 7993 is divided by 123?
121
Calculate the remainder when 11049 is divided by 85.
84
Calculate the remainder when 762021 is divided by 163.
159
Calculate the remainder when 871764 is divided by 16.
4
What is the remainder when 215071 is divided by 88?
87
What is the remainder when 703821 is divided by 344?
341
What is the remainder when 176053 is divided by 88005?
43
What is the remainder when 87702 is divided by 18?
6
What is the remainder when 436 is divided by 17?
11
Calculate the remainder when 3016191 is divided by 637.
633
Calculate the remainder when 189910 is divided by 386.
384
Calculate the remainder when 2922 is divided by 190.
72
Calculate the remainder when 11206 is divided by 1019.
1016
What is the remainder when 3527 is divided by 291?
35
What is the remainder when 257718 is divided by 4602?
6
Calculate the remainder when 12096 is divided by 49.
42
What is the remainder when 141366 is divided by 2827?
16
Calculate the remainder when 900 is divided by 867.
33
Calculate the remainder when 2387672 is divided by 82.
78
What is the remainder when 1112032 is divided by 957?
955
Calculate the remainder when 16186 is divided by 464.
410
Calculate the remainder when 27649 is divided by 2302.
25
What is the remainder when 17593 is divided by 33?
4
Calculate the remainder when 18879 is divided by 242.
3
Calculate the remainder when 484645 is divided by 73.
71
Calculate the remainder when 13050 is divided by 57.
54
What is the remainder when 1675 is divided by 12?
7
Calculate the remainder when 63306 is divided by 47.
44
What is the remainder when 5478 is divided by 550?
528
What is the remainder when 34771 is divided by 65?
61
What is the remainder when 6518 is divided by 261?
254
Calculate the remainder when 1584784 is divided by 97.
95
What is the remainder when 282962 is divided by 22?
20
Calculate the remainder when 2379 is divided by 2341.
38
Calculate the remainder when 20687 is divided by 10.
7
Calculate the remainder when 385880 is divided by 324.
320
Calculate the remainder when 393468 is divided by 117.
114
Calculate the remainder when 42620 is divided by 31.
26
Calculate the remainder when 2840 is divided by 943.
11
Calculate the remainder when 156202 is divided by 365.
347
Calculate the remainder when 55669 is divided by 3479.
5
What is the remainder when 1988 is divided by 64?
4
What is the remainder when 216431 is divided by 1535?
1531
Calculate the remainder when 22190 is divided by 21.
14
Calculate the remainder when 26212 is divided by 245.
242
What is the remainder when 876 is divided by 651?
225
Calculate the remainder when 32661 is divided by 5431.
75
What is the remainder when 34195 is divided by 18?
13
What is the remainder when 3250 is divided by 3244?
6
What is the remainder when 543726 is divided by 68?
66
What is the remainder when 1254831 is divided by 46?
43
What is the remainder when 24751 is divided by 376?
311
What is the remainder when 2187 is divided by 933?
321
Calculate the remainder when 21376 is divided by 2154.
1990
What is the remainder when 207930 is divided by 69270?
120
What is the remainder when 1001 is divided by 215?
141
Calculate the remainder when 69277 is divided by 517.
516
Calculate the remainder when 1688 is divided by 326.
58
What is the remainder when 6864 is divided by 2247?
123
What is the remainder when 6802 is divided by 1688?
50
What is the remainder when 170930 is divided by 374?
12
Calculate the remainder when 8429 is divided by 8313.
116
Calculate the remainder when 2818 is divided by 1839.
979
Calculate the remainder when 10205 is divided by 42.
41
What is the remainder when 15043 is divided by 195?
28
Calculate the remainder when 40744 is divided by 97.
4
Calculate the remainder when 62624 is divided by 346.
344
Calculate the remainder when 1070 is divided by 484.
102
What is the remainder when 39977 is divided by 1589?
252
What is the remainder when 3143 is divided by 3113?
30
What is the remainder when 7334 is divided by 283?
259
Calculate the remainder when 17547 is divided by 135.
132
What is the remainder when 628021 is divided by 114?
109
Calculate the remainder when 160213 is divided by 171.
157
Calculate the remainder when 28805 is divided by 297.
293
Calculate the remainder when 72501 is divided by 684.
681
What is the remainder when 517212 is divided by 129302?
4
Calculate the remainder when 6427 is divided by 1272.
67
Calculate the remainder when 6838 is divided by 1975.
913
Calculate the remainder when 37135 is divided by 76.
47
Calculate the remainder when 96951 is divided by 255.
51
Calculate the remainder when 160 is divided by 2.
0
Calculate the remainder when 129222 is divided by 29.
27
Calculate the remainder when 35073 is divided by 2060.
53
What is the remainder when 172218 is divided by 1196?
1190
What is the remainder when 36226 is divided by 105?
1
What is the remainder when 1641 is divided by 1594?
47
Calculate the remainder when 10795 is divided by 1537.
36
What is the remainder when 14698 is divided by 400?
298
Calculate the remainder when 1605 is divided by 146.
145
Calculate the remainder when 1728 is divided by 440.
408
Calculate the remainder when 128173 is divided by 77.
45
Calculate the remainder when 6794 is divided by 179.
171
Calculate the remainder when 6467 is divided by 921.
20
What is the remainder when 189874 is divided by 7?
6
What is the remainder when 1772 is divided by 322?
162
What is the remainder when 23766 is divided by 11882?
2
Calculate the remainder when 2545 is divided by 120.
25
What is the remainder when 91085 is divided by 349?
345
What is the remainder when 42394 is divided by 4?
2
Calculate the remainder when 156948 is divided by 82.
0
Calculate the remainder when 12637 is divided by 15.
7
What is the remainder when 164205 is divided by 22?
19
Calculate the remainder when 276705 is divided by 41.
37
What is the remainder when 60076 is divided by 1154?
68
Calculate the remainder when 8437 is divided by 850.
787
What is the remainder when 108016 is divided by 5?
1
Calculate the remainder when 31807 is divided by 86.
73
Calculate the remainder when 21373 is divided by 75.
73
What is the remainder when 140744 is divided by 466?
12
Calculate the remainder when 11379 is divided by 6.
3
What is the remainder when 9763 is divided by 406?
19
What is the remainder when 69743 is divided by 86?
83
What is the remainder when 2819 is divided by 419?
305
Calculate the remainder when 33114 is divided by 7.
4
Calculate the remainder when 54215 is divided by 93.
89
What is the remainder when 126870 is divided by 9061?
16
Calculate the remainder when 245103 is divided by 81701.
0
What is the remainder when 2952 is divided by 1246?
460
What is the remainder when 68677 is divided by 430?
307
Calculate the remainder when 7170 is divided by 1189.
36
Calculate the remainder when 481651 is divided by 190.
1
Calculate the remainder when 2253 is divided by 807.
639
Calculate the remainder when 72855 is divided by 1582.
83
What is the remainder when 2298 is div